ded by 248.
65
Calculate the remainder when 525 is divided by 172.
9
What is the remainder when 858239 is divided by 15?
14
What is the remainder when 92056 is divided by 5414?
18
What is the remainder when 71212 is divided by 139?
44
Calculate the remainder when 5731 is divided by 1263.
679
What is the remainder when 226 is divided by 108?
10
What is the remainder when 4298 is divided by 2080?
138
What is the remainder when 4945 is divided by 601?
137
Calculate the remainder when 4761 is divided by 316.
21
What is the remainder when 378283 is divided by 84?
31
Calculate the remainder when 2389 is divided by 1075.
239
What is the remainder when 849 is divided by 431?
418
Calculate the remainder when 3305 is divided by 164.
25
What is the remainder when 65358 is divided by 3844?
10
Calculate the remainder when 484209 is divided by 312.
297
Calculate the remainder when 3067 is divided by 1514.
39
What is the remainder when 1890 is divided by 857?
176
Calculate the remainder when 68061 is divided by 422.
119
What is the remainder when 77878 is divided by 130?
8
What is the remainder when 198591 is divided by 2878?
9
What is the remainder when 34823 is divided by 48?
23
Calculate the remainder when 321093 is divided by 321070.
23
Calculate the remainder when 3377 is divided by 363.
110
What is the remainder when 1518 is divided by 402?
312
What is the remainder when 15830 is divided by 48?
38
What is the remainder when 253496 is divided by 19?
17
Calculate the remainder when 66361 is divided by 66295.
66
Calculate the remainder when 16180 is divided by 62.
60
Calculate the remainder when 7872 is divided by 1965.
12
What is the remainder when 2931472 is divided by 1014?
1012
Calculate the remainder when 381002 is divided by 68.
66
What is the remainder when 1006 is divided by 218?
134
What is the remainder when 9326 is divided by 2326?
22
Calculate the remainder when 3162701 is divided by 735.
731
What is the remainder when 1110 is divided by 223?
218
What is the remainder when 905203 is divided by 705?
688
What is the remainder when 2975 is divided by 502?
465
Calculate the remainder when 15176 is divided by 115.
111
What is the remainder when 704 is divided by 193?
125
Calculate the remainder when 4498 is divided by 1463.
109
What is the remainder when 656 is divided by 334?
322
Calculate the remainder when 356038 is divided by 69.
67
What is the remainder when 6327 is divided by 647?
504
Calculate the remainder when 3235 is divided by 887.
574
What is the remainder when 403 is divided by 114?
61
Calculate the remainder when 78331 is divided by 6.
1
Calculate the remainder when 183580 is divided by 21.
19
Calculate the remainder when 114634 is divided by 159.
154
Calculate the remainder when 249469 is divided by 1599.
25
Calculate the remainder when 4006 is divided by 19.
16
What is the remainder when 542074 is divided by 276?
10
What is the remainder when 402236 is divided by 16?
12
Calculate the remainder when 15095 is divided by 1847.
319
Calculate the remainder when 1434969 is divided by 154.
151
Calculate the remainder when 182007 is divided by 910.
7
Calculate the remainder when 114616 is divided by 21.
19
Calculate the remainder when 86768 is divided by 4819.
26
What is the remainder when 3603 is divided by 474?
285
Calculate the remainder when 1913 is divided by 409.
277
Calculate the remainder when 4251 is divided by 1607.
1037
What is the remainder when 40295 is divided by 4024?
55
Calculate the remainder when 21603 is divided by 634.
47
What is the remainder when 1748908 is divided by 194?
192
What is the remainder when 5547 is divided by 61?
57
What is the remainder when 4132 is divided by 48?
4
What is the remainder when 44878 is divided by 4986?
4
What is the remainder when 840903 is divided by 99?
96
What is the remainder when 38187 is divided by 201?
198
Calculate the remainder when 6146 is divided by 413.
364
Calculate the remainder when 101787 is divided by 1131.
1128
What is the remainder when 15540 is divided by 7758?
24
Calculate the remainder when 5762 is divided by 32.
2
Calculate the remainder when 50961 is divided by 50814.
147
Calculate the remainder when 1833699 is divided by 20.
19
Calculate the remainder when 8311 is divided by 816.
151
Calculate the remainder when 354446 is divided by 30.
26
Calculate the remainder when 16759 is divided by 5573.
40
What is the remainder when 78410 is divided by 105?
80
What is the remainder when 4317 is divided by 270?
267
Calculate the remainder when 984 is divided by 80.
24
What is the remainder when 1074 is divided by 107?
4
What is the remainder when 24523 is divided by 4844?
303
Calculate the remainder when 76227 is divided by 12670.
207
What is the remainder when 19833 is divided by 94?
93
Calculate the remainder when 39389 is divided by 51.
17
Calculate the remainder when 48546 is divided by 249.
240
Calculate the remainder when 24437 is divided by 40.
37
Calculate the remainder when 8200 is divided by 210.
10
What is the remainder when 120881 is divided by 78?
59
What is the remainder when 6023 is divided by 53?
34
What is the remainder when 337799 is divided by 3157?
0
Calculate the remainder when 40 is divided by 5.
0
Calculate the remainder when 57989 is divided by 11583.
74
Calculate the remainder when 2661 is divided by 1318.
25
What is the remainder when 249083 is divided by 333?
332
Calculate the remainder when 31533 is divided by 36.
33
Calculate the remainder when 11113 is divided by 3499.
616
Calculate the remainder when 75415 is divided by 37640.
135
Calculate the remainder when 135784 is divided by 505.
444
Calculate the remainder when 34823 is divided by 86.
79
Calculate the remainder when 130139 is divided by 45.
44
Calculate the remainder when 34653 is divided by 5770.
33
What is the remainder when 101748 is divided by 559?
10
What is the remainder when 241 is divided by 4?
1
What is the remainder when 73048 is divided by 103?
21
What is the remainder when 754706 is divided by 17?
8
Calculate the remainder when 37120 is divided by 69.
67
Calculate the remainder when 3374 is divided by 89.
81
What is the remainder when 140823 is divided by 607?
606
What is the remainder when 3071 is divided by 625?
571
What is the remainder when 31680 is divided by 14?
12
What is the remainder when 2518747 is divided by 1259368?
11
Calculate the remainder when 1770 is divided by 584.
18
What is the remainder when 939 is divided by 168?
99
Calculate the remainder when 15050 is divided by 9.
2
Calculate the remainder when 69865 is divided by 1397.
15
Calculate the remainder when 89176 is divided by 12737.
17
What is the remainder when 33001 is divided by 74?
71
What is the remainder when 9265 is divided by 1319?
32
What is the remainder when 7709 is divided by 84?
65
Calculate the remainder when 2778 is divided by 3.
0
What is the remainder when 19565 is divided by 9625?
315
Calculate the remainder when 8886 is divided by 4332.
222
Calculate the remainder when 24942 is divided by 44.
38
Calculate the remainder when 104781 is divided by 10473.
51
Calculate the remainder when 4516 is divided by 1474.
94
What is the remainder when 3484 is divided by 801?
280
What is the remainder when 144039 is divided by 37?
35
What is the remainder when 460 is divided by 208?
44
What is the remainder when 16482 is divided by 471?
468
What is the remainder when 3991 is divided by 248?
23
What is the remainder when 3243 is divided by 809?
7
What is the remainder when 707 is divided by 167?
39
What is the remainder when 8424 is divided by 2093?
52
Calculate the remainder when 214704 is divided by 35.
14
What is the remainder when 702 is divided by 51?
39
Calculate the remainder when 6255 is divided by 6202.
53
Calculate the remainder when 97861 is divided by 823.
747
What is the remainder when 367599 is divided by 122530?
9
What is the remainder when 3807 is divided by 1120?
447
What is the remainder when 4778 is divided by 718?
470
Calculate the remainder when 33503 is divided by 571.
385
Calculate the remainder when 245709 is divided by 4550.
9
Calculate the remainder when 18945 is divided by 351.
342
What is the remainder when 11000 is divided by 157?
10
Calculate the remainder when 444 is div